{"id":228,"date":"2026-01-22T07:59:45","date_gmt":"2026-01-22T13:59:45","guid":{"rendered":"https:\/\/servicios.igm.gob.gt\/uip\/?page_id=228"},"modified":"2026-01-22T07:59:45","modified_gmt":"2026-01-22T13:59:45","slug":"informacion-relevante","status":"publish","type":"page","link":"https:\/\/servicios.igm.gob.gt\/uip\/?page_id=228","title":{"rendered":"Ley de Acceso a la Informaci\u00f3n P\u00fablica en diferentes idiomas"},"content":{"rendered":"<div class=\"wp-block-image\">\n<figure class=\"alignleft size-full is-resized\"><img decoding=\"async\" loading=\"lazy\" src=\"https:\/\/servicios.igm.gob.gt\/uip\/wp-content\/uploads\/2024\/05\/image.png\" alt=\"\" class=\"wp-image-5873\" width=\"523\" height=\"115\" srcset=\"https:\/\/servicios.igm.gob.gt\/uip\/wp-content\/uploads\/2024\/05\/image.png 1024w, https:\/\/servicios.igm.gob.gt\/uip\/wp-content\/uploads\/2024\/05\/image-300x66.png 300w, https:\/\/servicios.igm.gob.gt\/uip\/wp-content\/uploads\/2024\/05\/image-768x170.png 768w\" sizes=\"(max-width: 523px) 100vw, 523px\" \/><figcaption class=\"wp-element-caption\">Decreto N\u00famero 57-2008 del Congreso de la Rep\u00fablica de Guatemala<\/figcaption><\/figure><\/div>\n\n\n<figure class=\"wp-block-table alignleft is-style-stripes\"><table><tbody><tr><td class=\"has-text-align-center\" data-align=\"center\"><a href=\"https:\/\/youtu.be\/QlMGgcfQLAE\">Video de Ley de Acceso a la Informaci\u00f3n P\u00fablica en Lenguaje de Se\u00f1as<\/a><\/td><\/tr><tr><td class=\"has-text-align-center\" data-align=\"center\"><a href=\"https:\/\/servicios.igm.gob.gt\/uip\/wp-content\/uploads\/2024\/05\/01-LAIP-AKATECO-ESPANOL.pdf\">01-LAIP-AKATECO-ESPA\u00d1OL<\/a><\/td><\/tr><tr><td class=\"has-text-align-center\" data-align=\"center\"><a href=\"https:\/\/servicios.igm.gob.gt\/uip\/wp-content\/uploads\/2024\/05\/02-LAIP-ACHI-ESPANOL.pdf\">02-LAIP-ACHI-ESPA\u00d1OL<\/a><\/td><\/tr><tr><td class=\"has-text-align-center\" data-align=\"center\"><a href=\"https:\/\/servicios.igm.gob.gt\/uip\/wp-content\/uploads\/2024\/05\/03-LAIP-AWAKATEKO-ESPANOL.pdf\">03-LAIP-AWAKATEKO-ESPA\u00d1OL<\/a><\/td><\/tr><tr><td class=\"has-text-align-center\" data-align=\"center\"><a href=\"https:\/\/servicios.igm.gob.gt\/uip\/wp-content\/uploads\/2024\/05\/04-LAIP-CHALCHITECO-ESPANOL.pdf\">04-LAIP-CHALCHITECO-ESPA\u00d1OL<\/a><\/td><\/tr><tr><td class=\"has-text-align-center\" data-align=\"center\"><a href=\"https:\/\/servicios.igm.gob.gt\/uip\/wp-content\/uploads\/2024\/05\/05-LAIP-CHORTI-ESPANOL.pdf\">05-LAIP-CHORTI-ESPA\u00d1OL<\/a><\/td><\/tr><tr><td class=\"has-text-align-center\" data-align=\"center\"><a href=\"https:\/\/servicios.igm.gob.gt\/uip\/wp-content\/uploads\/2024\/05\/06-LAIP-CHUJ-ESPANOL.pdf\">06-LAIP-CHUJ-ESPA\u00d1OL<\/a><\/td><\/tr><tr><td class=\"has-text-align-center\" data-align=\"center\"><a href=\"https:\/\/servicios.igm.gob.gt\/uip\/wp-content\/uploads\/2024\/05\/07-LAIP-ITZA-ESPANOL.pdf\">07-LAIP-ITZA-ESPA\u00d1OL<\/a><\/td><\/tr><tr><td class=\"has-text-align-center\" data-align=\"center\"><a href=\"https:\/\/servicios.igm.gob.gt\/uip\/wp-content\/uploads\/2024\/05\/08-LAIP-IXIL-ESPANOL.pdf\">08-LAIP-IXIL-ESPA\u00d1OL<\/a><\/td><\/tr><tr><td class=\"has-text-align-center\" data-align=\"center\"><a href=\"https:\/\/servicios.igm.gob.gt\/uip\/wp-content\/uploads\/2024\/05\/09-LAIPKAQCHIQUEL-ESPANOL.pdf\">09-LAIPKAQCHIQUEL-ESPA\u00d1OL<\/a><\/td><\/tr><tr><td class=\"has-text-align-center\" data-align=\"center\"><a href=\"https:\/\/servicios.igm.gob.gt\/uip\/wp-content\/uploads\/2024\/05\/10-LAIP-KICHE-ESPANOL.pdf\">10-LAIP-KICHE-ESPA\u00d1OL<\/a><\/td><\/tr><tr><td class=\"has-text-align-center\" data-align=\"center\"><a href=\"https:\/\/servicios.igm.gob.gt\/uip\/wp-content\/uploads\/2024\/05\/11-LAIP-MAM-ESPANOL.pdf\">11-LAIP-MAM-ESPA\u00d1OL<\/a><\/td><\/tr><tr><td class=\"has-text-align-center\" data-align=\"center\"><a href=\"https:\/\/servicios.igm.gob.gt\/uip\/wp-content\/uploads\/2024\/05\/12-LAIP-POPTI-JAKALTECA-ESPANOL.pdf\">12-LAIP-POPTI-JAKALTECA-ESPA\u00d1OL<\/a><\/td><\/tr><tr><td class=\"has-text-align-center\" data-align=\"center\"><a href=\"https:\/\/servicios.igm.gob.gt\/uip\/wp-content\/uploads\/2024\/05\/13-LAIP-POQOMAM-ESPANOL.pdf\">13-LAIP-POQOMAM-ESPA\u00d1OL<\/a><\/td><\/tr><tr><td class=\"has-text-align-center\" data-align=\"center\"><a href=\"https:\/\/servicios.igm.gob.gt\/uip\/wp-content\/uploads\/2024\/05\/14-LAIP-POQOMCHI-ESPANOL.pdf\">14-LAIP-POQOMCHI-ESPA\u00d1OL<\/a><\/td><\/tr><tr><td class=\"has-text-align-center\" data-align=\"center\"><a href=\"https:\/\/servicios.igm.gob.gt\/uip\/wp-content\/uploads\/2024\/05\/15-LAIP-QANJOBAL-ESPANOL.pdf\">15-LAIP-QANJOBAL-ESPA\u00d1OL<\/a><\/td><\/tr><tr><td class=\"has-text-align-center\" data-align=\"center\"><a href=\"https:\/\/servicios.igm.gob.gt\/uip\/wp-content\/uploads\/2024\/05\/16-LAIP-QUEQCHI-ESPANOL.pdf\">16-LAIP-QUEQCHI-ESPA\u00d1OL<\/a><\/td><\/tr><tr><td class=\"has-text-align-center\" data-align=\"center\"><a href=\"https:\/\/servicios.igm.gob.gt\/uip\/wp-content\/uploads\/2024\/05\/17-LAIP-SACALPUTEKO-ESPANOL.pdf\">17-LAIP-SACALPUTEKO-ESPA\u00d1OL<\/a><\/td><\/tr><tr><td class=\"has-text-align-center\" data-align=\"center\"><a href=\"https:\/\/servicios.igm.gob.gt\/uip\/wp-content\/uploads\/2024\/05\/18-LAIP-SIPAKAPENSE-ESPANOL.pdf\">18-LAIP-SIPAKAPENSE-ESPA\u00d1OL<\/a><\/td><\/tr><tr><td class=\"has-text-align-center\" data-align=\"center\"><a href=\"https:\/\/servicios.igm.gob.gt\/uip\/wp-content\/uploads\/2024\/05\/19-LAIP-TEKTITEKA-ESPANOL.pdf\">19-LAIP-TEKTITEKA-ESPA\u00d1OL<\/a><\/td><\/tr><tr><td class=\"has-text-align-center\" data-align=\"center\"><a href=\"https:\/\/servicios.igm.gob.gt\/uip\/wp-content\/uploads\/2024\/05\/20-LAIP-TZUTUJIL-ESPANOL.pdf\">20-LAIP-TZUTUJIL-ESPA\u00d1OL<\/a><\/td><\/tr><tr><td class=\"has-text-align-center\" data-align=\"center\"><a href=\"https:\/\/servicios.igm.gob.gt\/uip\/wp-content\/uploads\/2024\/05\/LeyDeAccesoInformacionPublica-comentada.pdf\">Ley de Acceso a la Informaci\u00f3n Publica COMENTADA<\/a><\/td><\/tr><tr><td class=\"has-text-align-center\" data-align=\"center\"><a href=\"https:\/\/servicios.igm.gob.gt\/uip\/wp-content\/uploads\/2024\/05\/LeyDeAccesoInformacionPublica.pdf\">Ley de Acceso a la Informaci\u00f3n Publica<\/a><\/td><\/tr><\/tbody><\/table><\/figure>\n","protected":false},"excerpt":{"rendered":"<p>Video de Ley de Acceso a la Informaci\u00f3n P\u00fablica en Lenguaje de Se\u00f1as 01-LAIP-AKATECO-ESPA\u00d1OL 02-LAIP-ACHI-ESPA\u00d1OL 03-LAIP-AWAKATEKO-ESPA\u00d1OL 04-LAIP-CHALCHITECO-ESPA\u00d1OL 05-LAIP-CHORTI-ESPA\u00d1OL 06-LAIP-CHUJ-ESPA\u00d1OL 07-LAIP-ITZA-ESPA\u00d1OL 08-LAIP-IXIL-ESPA\u00d1OL 09-LAIPKAQCHIQUEL-ESPA\u00d1OL 10-LAIP-KICHE-ESPA\u00d1OL 11-LAIP-MAM-ESPA\u00d1OL 12-LAIP-POPTI-JAKALTECA-ESPA\u00d1OL 13-LAIP-POQOMAM-ESPA\u00d1OL 14-LAIP-POQOMCHI-ESPA\u00d1OL 15-LAIP-QANJOBAL-ESPA\u00d1OL 16-LAIP-QUEQCHI-ESPA\u00d1OL 17-LAIP-SACALPUTEKO-ESPA\u00d1OL 18-LAIP-SIPAKAPENSE-ESPA\u00d1OL 19-LAIP-TEKTITEKA-ESPA\u00d1OL 20-LAIP-TZUTUJIL-ESPA\u00d1OL Ley de Acceso a la Informaci\u00f3n Publica COMENTADA Ley de Acceso a la Informaci\u00f3n Publica<\/p>\n","protected":false},"author":5,"featured_media":0,"parent":0,"menu_order":0,"comment_status":"closed","ping_status":"closed","template":"","meta":[],"_links":{"self":[{"href":"https:\/\/servicios.igm.gob.gt\/uip\/index.php?rest_route=\/wp\/v2\/pages\/228"}],"collection":[{"href":"https:\/\/servicios.igm.gob.gt\/uip\/index.php?rest_route=\/wp\/v2\/pages"}],"about":[{"href":"https:\/\/servicios.igm.gob.gt\/uip\/index.php?rest_route=\/wp\/v2\/types\/page"}],"author":[{"embeddable":true,"href":"https:\/\/servicios.igm.gob.gt\/uip\/index.php?rest_route=\/wp\/v2\/users\/5"}],"replies":[{"embeddable":true,"href":"https:\/\/servicios.igm.gob.gt\/uip\/index.php?rest_route=%2Fwp%2Fv2%2Fcomments&post=228"}],"version-history":[{"count":12,"href":"https:\/\/servicios.igm.gob.gt\/uip\/index.php?rest_route=\/wp\/v2\/pages\/228\/revisions"}],"predecessor-version":[{"id":6538,"href":"https:\/\/servicios.igm.gob.gt\/uip\/index.php?rest_route=\/wp\/v2\/pages\/228\/revisions\/6538"}],"wp:attachment":[{"href":"https:\/\/servicios.igm.gob.gt\/uip\/index.php?rest_route=%2Fwp%2Fv2%2Fmedia&parent=228"}],"curies":[{"name":"wp","href":"https:\/\/api.w.org\/{rel}","templated":true}]}}